hat is the remainder when 179093 is divided by 263?
253
What is the remainder when 1100 is divided by 283?
251
What is the remainder when 7071 is divided by 9?
6
What is the remainder when 4078 is divided by 901?
474
Calculate the remainder when 104825 is divided by 359.
356
Calculate the remainder when 20941 is divided by 44.
41
Calculate the remainder when 397256 is divided by 24828.
8
Calculate the remainder when 157838 is divided by 1081.
12
Calculate the remainder when 121410 is divided by 478.
476
Calculate the remainder when 2456432 is divided by 40.
32
Calculate the remainder when 15091 is divided by 131.
26
Calculate the remainder when 1486727 is divided by 31.
29
Calculate the remainder when 193967 is divided by 35.
32
Calculate the remainder when 1050357 is divided by 43.
39
What is the remainder when 88925 is divided by 1201?
51
What is the remainder when 25985 is divided by 8647?
44
What is the remainder when 1347 is divided by 232?
187
Calculate the remainder when 54378 is divided by 22.
16
Calculate the remainder when 31965 is divided by 3196.
5
What is the remainder when 795956 is divided by 670?
666
Calculate the remainder when 18896 is divided by 6295.
11
What is the remainder when 419179 is divided by 83832?
19
What is the remainder when 15257 is divided by 741?
437
What is the remainder when 2866913 is divided by 338?
335
Calculate the remainder when 16947 is divided by 1473.
744
What is the remainder when 47201 is divided by 192?
161
Calculate the remainder when 12354 is divided by 263.
256
Calculate the remainder when 45436 is divided by 152.
140
Calculate the remainder when 64321 is divided by 360.
241
Calculate the remainder when 7462 is divided by 35.
7
Calculate the remainder when 774 is divided by 193.
2
What is the remainder when 456792 is divided by 114196?
8
What is the remainder when 1720766 is divided by 82?
78
Calculate the remainder when 733 is divided by 16.
13
What is the remainder when 980575 is divided by 172?
3
Calculate the remainder when 10137 is divided by 195.
192
What is the remainder when 341 is divided by 209?
132
What is the remainder when 8675 is divided by 16?
3
Calculate the remainder when 302609 is divided by 262.
261
Calculate the remainder when 790741 is divided by 45.
1
Calculate the remainder when 1583 is divided by 142.
21
Calculate the remainder when 6436601 is divided by 706.
705
What is the remainder when 1328 is divided by 412?
92
What is the remainder when 867297 is divided by 1180?
1177
What is the remainder when 198744 is divided by 49685?
4
Calculate the remainder when 29318 is divided by 255.
248
Calculate the remainder when 4637 is divided by 4629.
8
Calculate the remainder when 12071 is divided by 25.
21
What is the remainder when 60486 is divided by 307?
7
Calculate the remainder when 72593 is divided by 24168.
89
What is the remainder when 512498 is divided by 30?
8
Calculate the remainder when 33578 is divided by 146.
144
What is the remainder when 15422 is divided by 14923?
499
What is the remainder when 43656 is divided by 455?
431
Calculate the remainder when 76496 is divided by 34.
30
Calculate the remainder when 10286 is divided by 4.
2
What is the remainder when 10135 is divided by 241?
13
What is the remainder when 93219 is divided by 11643?
75
Calculate the remainder when 18946 is divided by 412.
406
Calculate the remainder when 457 is divided by 171.
115
What is the remainder when 58353 is divided by 22?
9
Calculate the remainder when 409682 is divided by 562.
546
What is the remainder when 7109849 is divided by 682?
681
What is the remainder when 297849 is divided by 197?
182
Calculate the remainder when 2140 is divided by 1126.
1014
What is the remainder when 421 is divided by 350?
71
Calculate the remainder when 217907 is divided by 77.
74
What is the remainder when 793125 is divided by 36051?
3
What is the remainder when 7837 is divided by 2277?
1006
What is the remainder when 29275 is divided by 1540?
15
What is the remainder when 28481 is divided by 106?
73
Calculate the remainder when 2058455 is divided by 1054.
1047
Calculate the remainder when 80871 is divided by 796.
475
Calculate the remainder when 119836 is divided by 59.
7
Calculate the remainder when 3079991 is divided by 12.
11
Calculate the remainder when 28445 is divided by 245.
25
Calculate the remainder when 12182 is divided by 12171.
11
What is the remainder when 5086 is divided by 1265?
26
Calculate the remainder when 374563 is divided by 4624.
19
What is the remainder when 139955 is divided by 102?
11
What is the remainder when 20273 is divided by 356?
337
Calculate the remainder when 10539 is divided by 21.
18
Calculate the remainder when 7601 is divided by 1518.
11
What is the remainder when 12012 is divided by 293?
292
What is the remainder when 8537 is divided by 1704?
17
Calculate the remainder when 1478 is divided by 83.
67
What is the remainder when 55355 is divided by 2406?
17
What is the remainder when 94657 is divided by 28?
17
Calculate the remainder when 274000 is divided by 98.
90
What is the remainder when 21279 is divided by 3270?
1659
Calculate the remainder when 470 is divided by 387.
83
Calculate the remainder when 56645 is divided by 73.
70
What is the remainder when 1542 is divided by 693?
156
What is the remainder when 44247 is divided by 99?
93
What is the remainder when 659 is divided by 310?
39
Calculate the remainder when 1556 is divided by 1345.
211
Calculate the remainder when 28858 is divided by 2885.
8
What is the remainder when 13842 is divided by 1730?
2
Calculate the remainder when 19274 is divided by 741.
8
What is the remainder when 6648 is divided by 761?
560
What is the remainder when 88985 is divided by 2963?
95
Calculate the remainder when 43434 is divided by 60.
54
Calculate the remainder when 3448 is divided by 192.
184
Calculate the remainder when 54266 is divided by 266.
2
Calculate the remainder when 2586 is divided by 1264.
58
What is the remainder when 76192 is divided by 61?
3
What is the remainder when 52539 is divided by 14?
11
Calculate the remainder when 38316 is divided by 165.
36
Calculate the remainder when 12296 is divided by 119.
39
What is the remainder when 1546 is divided by 5?
1
What is the remainder when 9312 is divided by 9303?
9
What is the remainder when 8812 is divided by 138?
118
Calculate the remainder when 17835 is divided by 3566.
5
What is the remainder when 14400 is divided by 2873?
35
What is the remainder when 10807 is divided by 789?
550
Calculate the remainder when 39219 is divided by 18.
15
Calculate the remainder when 78283 is divided by 24.
19
What is the remainder when 269090 is divided by 390?
380
Calculate the remainder when 3832 is divided by 134.
80
What is the remainder when 10494 is divided by 152?
6
What is the remainder when 8530 is divided by 108?
106
Calculate the remainder when 9221 is divided by 2302.
13
What is the remainder when 26149 is divided by 8716?
1
Calculate the remainder when 31073 is divided by 1156.
1017
Calculate the remainder when 7777081 is divided by 46.
45
Calculate the remainder when 1243 is divided by 116.
83
What is the remainder when 3585 is divided by 604?
565
Calculate the remainder when 4303 is divided by 2144.
15
Calculate the remainder when 2857 is divided by 219.
10
Calculate the remainder when 12486 is divided by 4.
2
What is the remainder when 39051 is divided by 6507?
9
What is the remainder when 16337 is divided by 527?
0
Calculate the remainder when 2810 is divided by 364.
262
What is the remainder when 535068 is divided by 44?
28
Calculate the remainder when 39703 is divided by 308.
279
Calculate the remainder when 677 is divided by 201.
74
What is the remainder when 33715 is divided by 24?
19
What is the remainder when 37383 is divided by 445?
3
What is the remainder when 90627 is divided by 342?
339
Calculate the remainder when 1062917 is divided by 23.
18
What is the remainder when 69200 is divided by 23058?
26
What is the remainder when 302335 is divided by 653?
649
What is the remainder when 2870 is divided by 311?
71
What is the remainder when 35347 is divided by 114?
7
What is the remainder when 1815 is divided by 103?
64
Calculate the remainder when 56821 is d